{"id":27,"date":"2019-05-24T16:46:12","date_gmt":"2019-05-24T14:46:12","guid":{"rendered":"https:\/\/fourpasbanal.fr\/site\/?page_id=27"},"modified":"2025-01-21T21:54:03","modified_gmt":"2025-01-21T20:54:03","slug":"crowdfunding","status":"publish","type":"page","link":"https:\/\/fourpasbanal.fr\/?page_id=27","title":{"rendered":"Financement Participatif"},"content":{"rendered":"\n<iframe id=\"haWidget\" allowtransparency=\"true\" scrolling=\"auto\" src=\"https:\/\/www.helloasso.com\/associations\/le-four-pas-banal\/adhesions\/adhesion-fpb-2025\/widget\" style=\"width: 100%; height: 750px; border: none;\"><\/iframe>\n\n\n\n<p><\/p>\n\n\n\n<p><\/p>\n\n\n\n<hr class=\"wp-block-separator\"\/>\n\n\n\n<p><\/p>\n\n\n\n<p><\/p>\n\n\n\n<p><\/p>\n\n\n\n<div align=\"center\"><h2>Ensemble construisons le Four PAS Banal de Rouairoux<\/h2><h5>Vous pouvez nous aider en faisant un don (ponctuel ou r\u00e9gulier) \u00e0 l&rsquo;association avec <a href=\"https:\/\/www.helloasso.com\/associations\/le-four-pas-banal\/\">HelloAsso<\/a><\/h5>\nVotre don sera en partie d\u00e9ductible des imp\u00f4ts gr\u00e2ce au re\u00e7u fiscal que vous recevrez.<br>\nChaque petit don aussi modeste soit-il compte beaucoup pour nous prouver la pertinence d&rsquo;un tel \u00e9quipement pour notre commune.\n<p><\/p><h4>Nous avons d\u00e9j\u00e0 financ\u00e9 le foncier, construit le four et commenc\u00e9 le fournil gr\u00e2ce \u00e0 vos dons !<br>Encore un petit effort pour nous aider \u00e0 terminer le chantier \ud83d\ude42<\/h4><p><\/p>\n<\/div>\n\n\n\n<div align=\"center\"><p>&nbsp;<\/p>\n[https:\/\/www.helloasso.com\/associations\/le-four-pas-banal\/collectes\/achat-du-foncier-ruine-parcelle\/\u00a0\u00bb type=\u00a0\u00bbwidget]\n<\/div>\n<div align=\"center\"><p>&nbsp;<\/p>\n\t\t\t<iframe src=\"https:\/\/www.helloasso.com\/associations\/le-four-pas-banal\/collectes\/achat-du-foncier-ruine-parcelle\/widget\"  id=\"idIframe\" style=\"width:100%; height:750px; border:none;\" border=\"0\"><\/iframe>\n\t\t\t\n<\/div>\n","protected":false},"excerpt":{"rendered":"<p>Ensemble construisons le Four PAS Banal de Rouairoux Vous pouvez nous aider en faisant un don (ponctuel ou r\u00e9gulier) \u00e0 l&rsquo;association avec HelloAsso Votre don sera en partie d\u00e9ductible des imp\u00f4ts gr\u00e2ce au re\u00e7u fiscal que vous recevrez. Chaque petit don aussi modeste soit-il compte beaucoup pour nous prouver la pertinence d&rsquo;un tel \u00e9quipement pour notre commune. Nous avons d\u00e9j\u00e0 financ\u00e9 le foncier, construit le four et commenc\u00e9 le fournil gr\u00e2ce \u00e0 vos dons !Encore un petit effort pour nous aider \u00e0 terminer le chantier \ud83d\ude42 &nbsp; [https:\/\/www.helloasso.com\/associations\/le-four-pas-banal\/collectes\/achat-du-foncier-ruine-parcelle\/\u00a0\u00bb type=\u00a0\u00bbwidget] &nbsp;<\/p>\n","protected":false},"author":1,"featured_media":0,"parent":0,"menu_order":0,"comment_status":"closed","ping_status":"closed","template":"","meta":[],"_links":{"self":[{"href":"https:\/\/fourpasbanal.fr\/index.php?rest_route=\/wp\/v2\/pages\/27"}],"collection":[{"href":"https:\/\/fourpasbanal.fr\/index.php?rest_route=\/wp\/v2\/pages"}],"about":[{"href":"https:\/\/fourpasbanal.fr\/index.php?rest_route=\/wp\/v2\/types\/page"}],"author":[{"embeddable":true,"href":"https:\/\/fourpasbanal.fr\/index.php?rest_route=\/wp\/v2\/users\/1"}],"replies":[{"embeddable":true,"href":"https:\/\/fourpasbanal.fr\/index.php?rest_route=%2Fwp%2Fv2%2Fcomments&post=27"}],"version-history":[{"count":147,"href":"https:\/\/fourpasbanal.fr\/index.php?rest_route=\/wp\/v2\/pages\/27\/revisions"}],"predecessor-version":[{"id":1555,"href":"https:\/\/fourpasbanal.fr\/index.php?rest_route=\/wp\/v2\/pages\/27\/revisions\/1555"}],"wp:attachment":[{"href":"https:\/\/fourpasbanal.fr\/index.php?rest_route=%2Fwp%2Fv2%2Fmedia&parent=27"}],"curies":[{"name":"wp","href":"https:\/\/api.w.org\/{rel}","templated":true}]}}