{"id":331,"date":"2019-05-27T17:15:30","date_gmt":"2019-05-27T15:15:30","guid":{"rendered":"https:\/\/fourpasbanal.fr\/?page_id=331"},"modified":"2026-04-28T14:46:23","modified_gmt":"2026-04-28T12:46:23","slug":"bienvenue-sur-le-site-du-four-pas-banal","status":"publish","type":"page","link":"https:\/\/fourpasbanal.fr\/","title":{"rendered":"Bienvenue sur le site du Four Pas Banal"},"content":{"rendered":"\n<p>Un <a href=\".\/?page_id=22\">projet<\/a> de four \u00e0 bois associatif \u00e0 Rouairoux, dans le Tarn<br>Pour vous accueillir dans notre petit village, on vous propose plusieurs moments de partage et de rencontre autour de moments festifs, culturels et ludiques<br><\/p>\n\n\n\n<h2>prochain \u00e9v\u00e8nement le samedi 6 juin :<\/h2>\n\n\n\n<div class=\"wp-block-image\"><figure class=\"aligncenter size-large\"><img src=\"https:\/\/fourpasbanal.fr\/wp-content\/uploads\/2026\/04\/affiche-A3-FPB-fe\u0302te-de-printemps-6.06.26-724x1024.png\" alt=\"\" class=\"wp-image-1606\"\/><\/figure><\/div>\n\n\n\n<p class=\"has-text-align-center\"><strong>Programme pour 2025 au FPB<\/strong><\/p>\n\n\n\n<div class=\"wp-block-image\"><figure class=\"aligncenter size-large\"><img loading=\"lazy\" width=\"724\" height=\"1024\" src=\"https:\/\/fourpasbanal.fr\/wp-content\/uploads\/2026\/03\/programme-2026-fpb-724x1024.png\" alt=\"\" class=\"wp-image-1604\" srcset=\"https:\/\/fourpasbanal.fr\/wp-content\/uploads\/2026\/03\/programme-2026-fpb-724x1024.png 724w, https:\/\/fourpasbanal.fr\/wp-content\/uploads\/2026\/03\/programme-2026-fpb-212x300.png 212w, https:\/\/fourpasbanal.fr\/wp-content\/uploads\/2026\/03\/programme-2026-fpb-768x1086.png 768w, https:\/\/fourpasbanal.fr\/wp-content\/uploads\/2026\/03\/programme-2026-fpb-1086x1536.png 1086w, https:\/\/fourpasbanal.fr\/wp-content\/uploads\/2026\/03\/programme-2026-fpb-1448x2048.png 1448w, https:\/\/fourpasbanal.fr\/wp-content\/uploads\/2026\/03\/programme-2026-fpb-1140x1613.png 1140w, https:\/\/fourpasbanal.fr\/wp-content\/uploads\/2026\/03\/programme-2026-fpb.png 1587w\" sizes=\"(max-width: 724px) 100vw, 724px\" \/><figcaption>vous recevrez les infos li\u00e9es \u00e0 ces \u00e9v\u00e8nements courant de l&rsquo;ann\u00e9e via notre newsletter<\/figcaption><\/figure><\/div>\n\n\n\n<figure class=\"wp-block-gallery aligncenter has-nested-images columns-default is-cropped\">\n<figure class=\"wp-block-image size-large\"><img loading=\"lazy\" width=\"1024\" height=\"768\" data-id=\"1341\"  src=\"https:\/\/fourpasbanal.fr\/wp-content\/uploads\/2023\/06\/345254817_549169020529608_3972632249498519700_n-1024x768.jpg\" alt=\"\" class=\"wp-image-1341\" srcset=\"https:\/\/fourpasbanal.fr\/wp-content\/uploads\/2023\/06\/345254817_549169020529608_3972632249498519700_n-1024x768.jpg 1024w, https:\/\/fourpasbanal.fr\/wp-content\/uploads\/2023\/06\/345254817_549169020529608_3972632249498519700_n-300x225.jpg 300w, https:\/\/fourpasbanal.fr\/wp-content\/uploads\/2023\/06\/345254817_549169020529608_3972632249498519700_n-768x576.jpg 768w, https:\/\/fourpasbanal.fr\/wp-content\/uploads\/2023\/06\/345254817_549169020529608_3972632249498519700_n-1536x1152.jpg 1536w, https:\/\/fourpasbanal.fr\/wp-content\/uploads\/2023\/06\/345254817_549169020529608_3972632249498519700_n-1140x855.jpg 1140w, https:\/\/fourpasbanal.fr\/wp-content\/uploads\/2023\/06\/345254817_549169020529608_3972632249498519700_n.jpg 2048w\" sizes=\"(max-width: 1024px) 100vw, 1024px\" \/><figcaption>Merci pour votre soutien !<\/figcaption><\/figure>\n\n\n\n<figure class=\"wp-block-image size-large\"><img loading=\"lazy\" width=\"1024\" height=\"686\" data-id=\"1367\"  src=\"https:\/\/fourpasbanal.fr\/wp-content\/uploads\/2023\/06\/351109148_103472359440123_7422003035517463371_n-1024x686.jpg\" alt=\"\" class=\"wp-image-1367\" srcset=\"https:\/\/fourpasbanal.fr\/wp-content\/uploads\/2023\/06\/351109148_103472359440123_7422003035517463371_n-1024x686.jpg 1024w, https:\/\/fourpasbanal.fr\/wp-content\/uploads\/2023\/06\/351109148_103472359440123_7422003035517463371_n-300x201.jpg 300w, https:\/\/fourpasbanal.fr\/wp-content\/uploads\/2023\/06\/351109148_103472359440123_7422003035517463371_n-768x514.jpg 768w, https:\/\/fourpasbanal.fr\/wp-content\/uploads\/2023\/06\/351109148_103472359440123_7422003035517463371_n-1536x1028.jpg 1536w, https:\/\/fourpasbanal.fr\/wp-content\/uploads\/2023\/06\/351109148_103472359440123_7422003035517463371_n-1140x763.jpg 1140w, https:\/\/fourpasbanal.fr\/wp-content\/uploads\/2023\/06\/351109148_103472359440123_7422003035517463371_n.jpg 2048w\" sizes=\"(max-width: 1024px) 100vw, 1024px\" \/><\/figure>\n\n\n\n<figure class=\"wp-block-image size-large\"><img loading=\"lazy\" width=\"1024\" height=\"768\" data-id=\"1461\"  src=\"https:\/\/fourpasbanal.fr\/wp-content\/uploads\/2024\/05\/ee1282aa-a126-4375-adfc-4054e18ebd4a-1024x768.jpeg\" alt=\"\" class=\"wp-image-1461\" srcset=\"https:\/\/fourpasbanal.fr\/wp-content\/uploads\/2024\/05\/ee1282aa-a126-4375-adfc-4054e18ebd4a-1024x768.jpeg 1024w, https:\/\/fourpasbanal.fr\/wp-content\/uploads\/2024\/05\/ee1282aa-a126-4375-adfc-4054e18ebd4a-300x225.jpeg 300w, https:\/\/fourpasbanal.fr\/wp-content\/uploads\/2024\/05\/ee1282aa-a126-4375-adfc-4054e18ebd4a-768x576.jpeg 768w, https:\/\/fourpasbanal.fr\/wp-content\/uploads\/2024\/05\/ee1282aa-a126-4375-adfc-4054e18ebd4a-1536x1152.jpeg 1536w, https:\/\/fourpasbanal.fr\/wp-content\/uploads\/2024\/05\/ee1282aa-a126-4375-adfc-4054e18ebd4a-1140x855.jpeg 1140w, https:\/\/fourpasbanal.fr\/wp-content\/uploads\/2024\/05\/ee1282aa-a126-4375-adfc-4054e18ebd4a.jpeg 1600w\" sizes=\"(max-width: 1024px) 100vw, 1024px\" \/><\/figure>\n<\/figure>\n\n\n\n<p class=\"has-text-align-center\">Nous tenons \u00e0 remercier chaleureusement les nombreux b\u00e9n\u00e9voles qui travaillent discr\u00e8tement pour nous offrir un magnifique four, d&rsquo;exquises pizzas, et une ambiance d\u00e9licieuse  !<\/p>\n\n\n\n<p class=\"has-text-align-center\">Pour \u00eatre tenu inform\u00e9 des dates du chantier participatif et vous inscrire, envoyez nous un mail contact@fourpasbanal.fr<\/p>\n\n\n\n<div class=\"wp-block-columns\">\n<div class=\"wp-block-column\" style=\"flex-basis:100%\">\n<div class=\"wp-block-columns\">\n<div class=\"wp-block-column\" style=\"flex-basis:100%\">\n<figure class=\"wp-block-image size-large\"><img loading=\"lazy\" width=\"1024\" height=\"746\" src=\"https:\/\/fourpasbanal.fr\/wp-content\/uploads\/2022\/08\/dessin-chantier-de-Alice-1024x746.jpg\" alt=\"\" class=\"wp-image-1211\" srcset=\"https:\/\/fourpasbanal.fr\/wp-content\/uploads\/2022\/08\/dessin-chantier-de-Alice-1024x746.jpg 1024w, https:\/\/fourpasbanal.fr\/wp-content\/uploads\/2022\/08\/dessin-chantier-de-Alice-300x218.jpg 300w, https:\/\/fourpasbanal.fr\/wp-content\/uploads\/2022\/08\/dessin-chantier-de-Alice-768x559.jpg 768w, https:\/\/fourpasbanal.fr\/wp-content\/uploads\/2022\/08\/dessin-chantier-de-Alice-1536x1119.jpg 1536w, https:\/\/fourpasbanal.fr\/wp-content\/uploads\/2022\/08\/dessin-chantier-de-Alice-2048x1491.jpg 2048w, https:\/\/fourpasbanal.fr\/wp-content\/uploads\/2022\/08\/dessin-chantier-de-Alice-1140x830.jpg 1140w\" sizes=\"(max-width: 1024px) 100vw, 1024px\" \/><figcaption>Alice &#8211; 25.07.22<\/figcaption><\/figure>\n<\/div>\n<\/div>\n<\/div>\n<\/div>\n\n\n\n<p class=\"has-text-align-center\"><strong>Une belle ann\u00e9e de pass\u00e9e avec vous&#8230;<\/strong> (vous pouvez suivre les aventures du FPB sur le blog de ce site et sur la page \u00ab\u00a0chantier participatif\u00a0\u00bb)<\/p>\n\n\n\n<figure class=\"wp-block-gallery has-nested-images columns-default is-cropped\">\n<figure class=\"wp-block-image size-large\"><img loading=\"lazy\" width=\"1024\" height=\"683\" data-id=\"1095\"  src=\"https:\/\/fourpasbanal.fr\/wp-content\/uploads\/2021\/09\/27.08.21-09-copie-1-1024x683.jpg\" alt=\"\" class=\"wp-image-1095\" srcset=\"https:\/\/fourpasbanal.fr\/wp-content\/uploads\/2021\/09\/27.08.21-09-copie-1-1024x683.jpg 1024w, https:\/\/fourpasbanal.fr\/wp-content\/uploads\/2021\/09\/27.08.21-09-copie-1-300x200.jpg 300w, https:\/\/fourpasbanal.fr\/wp-content\/uploads\/2021\/09\/27.08.21-09-copie-1-768x512.jpg 768w, https:\/\/fourpasbanal.fr\/wp-content\/uploads\/2021\/09\/27.08.21-09-copie-1-1536x1025.jpg 1536w, https:\/\/fourpasbanal.fr\/wp-content\/uploads\/2021\/09\/27.08.21-09-copie-1-1140x760.jpg 1140w, https:\/\/fourpasbanal.fr\/wp-content\/uploads\/2021\/09\/27.08.21-09-copie-1.jpg 2000w\" sizes=\"(max-width: 1024px) 100vw, 1024px\" \/><\/figure>\n\n\n\n<figure class=\"wp-block-image size-large\"><img loading=\"lazy\" width=\"1024\" height=\"683\" data-id=\"1082\"  src=\"https:\/\/fourpasbanal.fr\/wp-content\/uploads\/2021\/09\/09.07.21-FPB-02-1-1024x683.jpg\" alt=\"\" class=\"wp-image-1082\" srcset=\"https:\/\/fourpasbanal.fr\/wp-content\/uploads\/2021\/09\/09.07.21-FPB-02-1-1024x683.jpg 1024w, https:\/\/fourpasbanal.fr\/wp-content\/uploads\/2021\/09\/09.07.21-FPB-02-1-300x200.jpg 300w, https:\/\/fourpasbanal.fr\/wp-content\/uploads\/2021\/09\/09.07.21-FPB-02-1-768x512.jpg 768w, https:\/\/fourpasbanal.fr\/wp-content\/uploads\/2021\/09\/09.07.21-FPB-02-1-1536x1025.jpg 1536w, https:\/\/fourpasbanal.fr\/wp-content\/uploads\/2021\/09\/09.07.21-FPB-02-1-1140x760.jpg 1140w, https:\/\/fourpasbanal.fr\/wp-content\/uploads\/2021\/09\/09.07.21-FPB-02-1.jpg 2000w\" sizes=\"(max-width: 1024px) 100vw, 1024px\" \/><\/figure>\n\n\n\n<figure class=\"wp-block-image size-large\"><img loading=\"lazy\" width=\"1024\" height=\"683\" data-id=\"1222\"  src=\"https:\/\/fourpasbanal.fr\/wp-content\/uploads\/2022\/08\/05.08.22-FPB-15-1024x683.jpg\" alt=\"\" class=\"wp-image-1222\" srcset=\"https:\/\/fourpasbanal.fr\/wp-content\/uploads\/2022\/08\/05.08.22-FPB-15-1024x683.jpg 1024w, https:\/\/fourpasbanal.fr\/wp-content\/uploads\/2022\/08\/05.08.22-FPB-15-300x200.jpg 300w, https:\/\/fourpasbanal.fr\/wp-content\/uploads\/2022\/08\/05.08.22-FPB-15-768x512.jpg 768w, https:\/\/fourpasbanal.fr\/wp-content\/uploads\/2022\/08\/05.08.22-FPB-15-1536x1025.jpg 1536w, https:\/\/fourpasbanal.fr\/wp-content\/uploads\/2022\/08\/05.08.22-FPB-15-1140x760.jpg 1140w, https:\/\/fourpasbanal.fr\/wp-content\/uploads\/2022\/08\/05.08.22-FPB-15.jpg 2000w\" sizes=\"(max-width: 1024px) 100vw, 1024px\" \/><\/figure>\n\n\n\n<figure class=\"wp-block-image size-large\"><img loading=\"lazy\" width=\"1024\" height=\"683\" data-id=\"1232\"  src=\"https:\/\/fourpasbanal.fr\/wp-content\/uploads\/2022\/08\/22.07.22-FPB-40-1024x683.jpg\" alt=\"\" class=\"wp-image-1232\" srcset=\"https:\/\/fourpasbanal.fr\/wp-content\/uploads\/2022\/08\/22.07.22-FPB-40-1024x683.jpg 1024w, https:\/\/fourpasbanal.fr\/wp-content\/uploads\/2022\/08\/22.07.22-FPB-40-300x200.jpg 300w, https:\/\/fourpasbanal.fr\/wp-content\/uploads\/2022\/08\/22.07.22-FPB-40-768x512.jpg 768w, https:\/\/fourpasbanal.fr\/wp-content\/uploads\/2022\/08\/22.07.22-FPB-40-1536x1025.jpg 1536w, https:\/\/fourpasbanal.fr\/wp-content\/uploads\/2022\/08\/22.07.22-FPB-40-1140x760.jpg 1140w, https:\/\/fourpasbanal.fr\/wp-content\/uploads\/2022\/08\/22.07.22-FPB-40.jpg 2000w\" sizes=\"(max-width: 1024px) 100vw, 1024px\" \/><\/figure>\n\n\n\n<figure class=\"wp-block-image size-large\"><img loading=\"lazy\" width=\"768\" height=\"1024\" data-id=\"1233\"  src=\"https:\/\/fourpasbanal.fr\/wp-content\/uploads\/2022\/08\/294188100_764356364712475_8757991269186044385_n-768x1024.jpg\" alt=\"\" class=\"wp-image-1233\" srcset=\"https:\/\/fourpasbanal.fr\/wp-content\/uploads\/2022\/08\/294188100_764356364712475_8757991269186044385_n-768x1024.jpg 768w, https:\/\/fourpasbanal.fr\/wp-content\/uploads\/2022\/08\/294188100_764356364712475_8757991269186044385_n-225x300.jpg 225w, https:\/\/fourpasbanal.fr\/wp-content\/uploads\/2022\/08\/294188100_764356364712475_8757991269186044385_n-1152x1536.jpg 1152w, https:\/\/fourpasbanal.fr\/wp-content\/uploads\/2022\/08\/294188100_764356364712475_8757991269186044385_n-1140x1520.jpg 1140w, https:\/\/fourpasbanal.fr\/wp-content\/uploads\/2022\/08\/294188100_764356364712475_8757991269186044385_n.jpg 1536w\" sizes=\"(max-width: 768px) 100vw, 768px\" \/><\/figure>\n\n\n\n<figure class=\"wp-block-image size-large\"><img loading=\"lazy\" width=\"1024\" height=\"768\" data-id=\"1345\"  src=\"https:\/\/fourpasbanal.fr\/wp-content\/uploads\/2023\/06\/345011239_6682650091754854_6616323489273372402_n-1024x768.jpg\" alt=\"\" class=\"wp-image-1345\" srcset=\"https:\/\/fourpasbanal.fr\/wp-content\/uploads\/2023\/06\/345011239_6682650091754854_6616323489273372402_n-1024x768.jpg 1024w, https:\/\/fourpasbanal.fr\/wp-content\/uploads\/2023\/06\/345011239_6682650091754854_6616323489273372402_n-300x225.jpg 300w, https:\/\/fourpasbanal.fr\/wp-content\/uploads\/2023\/06\/345011239_6682650091754854_6616323489273372402_n-768x576.jpg 768w, https:\/\/fourpasbanal.fr\/wp-content\/uploads\/2023\/06\/345011239_6682650091754854_6616323489273372402_n-1536x1152.jpg 1536w, https:\/\/fourpasbanal.fr\/wp-content\/uploads\/2023\/06\/345011239_6682650091754854_6616323489273372402_n-1140x855.jpg 1140w, https:\/\/fourpasbanal.fr\/wp-content\/uploads\/2023\/06\/345011239_6682650091754854_6616323489273372402_n.jpg 2048w\" sizes=\"(max-width: 1024px) 100vw, 1024px\" \/><\/figure>\n\n\n\n<figure class=\"wp-block-image size-large\"><img loading=\"lazy\" width=\"1024\" height=\"768\" data-id=\"1344\"  src=\"https:\/\/fourpasbanal.fr\/wp-content\/uploads\/2023\/06\/345082367_2653156998157852_2608055578632984641_n-1024x768.jpg\" alt=\"\" class=\"wp-image-1344\" srcset=\"https:\/\/fourpasbanal.fr\/wp-content\/uploads\/2023\/06\/345082367_2653156998157852_2608055578632984641_n-1024x768.jpg 1024w, https:\/\/fourpasbanal.fr\/wp-content\/uploads\/2023\/06\/345082367_2653156998157852_2608055578632984641_n-300x225.jpg 300w, https:\/\/fourpasbanal.fr\/wp-content\/uploads\/2023\/06\/345082367_2653156998157852_2608055578632984641_n-768x576.jpg 768w, https:\/\/fourpasbanal.fr\/wp-content\/uploads\/2023\/06\/345082367_2653156998157852_2608055578632984641_n-1536x1152.jpg 1536w, https:\/\/fourpasbanal.fr\/wp-content\/uploads\/2023\/06\/345082367_2653156998157852_2608055578632984641_n-1140x855.jpg 1140w, https:\/\/fourpasbanal.fr\/wp-content\/uploads\/2023\/06\/345082367_2653156998157852_2608055578632984641_n.jpg 2048w\" sizes=\"(max-width: 1024px) 100vw, 1024px\" \/><\/figure>\n\n\n\n<figure class=\"wp-block-image size-large\"><img loading=\"lazy\" width=\"1024\" height=\"768\" data-id=\"1343\"  src=\"https:\/\/fourpasbanal.fr\/wp-content\/uploads\/2023\/06\/349570364_1400190004093571_4119969708009673561_n-1024x768.jpg\" alt=\"\" class=\"wp-image-1343\" srcset=\"https:\/\/fourpasbanal.fr\/wp-content\/uploads\/2023\/06\/349570364_1400190004093571_4119969708009673561_n-1024x768.jpg 1024w, https:\/\/fourpasbanal.fr\/wp-content\/uploads\/2023\/06\/349570364_1400190004093571_4119969708009673561_n-300x225.jpg 300w, https:\/\/fourpasbanal.fr\/wp-content\/uploads\/2023\/06\/349570364_1400190004093571_4119969708009673561_n-768x576.jpg 768w, https:\/\/fourpasbanal.fr\/wp-content\/uploads\/2023\/06\/349570364_1400190004093571_4119969708009673561_n-1536x1152.jpg 1536w, https:\/\/fourpasbanal.fr\/wp-content\/uploads\/2023\/06\/349570364_1400190004093571_4119969708009673561_n-1140x855.jpg 1140w, https:\/\/fourpasbanal.fr\/wp-content\/uploads\/2023\/06\/349570364_1400190004093571_4119969708009673561_n.jpg 2048w\" sizes=\"(max-width: 1024px) 100vw, 1024px\" \/><\/figure>\n<\/figure>\n\n\n\n<figure class=\"wp-block-gallery has-nested-images columns-default is-cropped\">\n<figure class=\"wp-block-image size-large\"><img loading=\"lazy\" width=\"1024\" height=\"683\" data-id=\"1025\"  src=\"https:\/\/fourpasbanal.fr\/wp-content\/uploads\/2021\/06\/11.06.21-FPB-12-1-1024x683.jpg\" alt=\"\" class=\"wp-image-1025\" srcset=\"https:\/\/fourpasbanal.fr\/wp-content\/uploads\/2021\/06\/11.06.21-FPB-12-1-1024x683.jpg 1024w, https:\/\/fourpasbanal.fr\/wp-content\/uploads\/2021\/06\/11.06.21-FPB-12-1-300x200.jpg 300w, https:\/\/fourpasbanal.fr\/wp-content\/uploads\/2021\/06\/11.06.21-FPB-12-1-768x512.jpg 768w, https:\/\/fourpasbanal.fr\/wp-content\/uploads\/2021\/06\/11.06.21-FPB-12-1-1536x1025.jpg 1536w, https:\/\/fourpasbanal.fr\/wp-content\/uploads\/2021\/06\/11.06.21-FPB-12-1-1140x760.jpg 1140w, https:\/\/fourpasbanal.fr\/wp-content\/uploads\/2021\/06\/11.06.21-FPB-12-1.jpg 2000w\" sizes=\"(max-width: 1024px) 100vw, 1024px\" \/><\/figure>\n\n\n\n<figure class=\"wp-block-image size-large\"><img loading=\"lazy\" width=\"1024\" height=\"683\" data-id=\"1027\"  src=\"https:\/\/fourpasbanal.fr\/wp-content\/uploads\/2021\/06\/11.06.21-FPB-24-1-1024x683.jpg\" alt=\"\" class=\"wp-image-1027\" srcset=\"https:\/\/fourpasbanal.fr\/wp-content\/uploads\/2021\/06\/11.06.21-FPB-24-1-1024x683.jpg 1024w, https:\/\/fourpasbanal.fr\/wp-content\/uploads\/2021\/06\/11.06.21-FPB-24-1-300x200.jpg 300w, https:\/\/fourpasbanal.fr\/wp-content\/uploads\/2021\/06\/11.06.21-FPB-24-1-768x512.jpg 768w, https:\/\/fourpasbanal.fr\/wp-content\/uploads\/2021\/06\/11.06.21-FPB-24-1-1536x1025.jpg 1536w, https:\/\/fourpasbanal.fr\/wp-content\/uploads\/2021\/06\/11.06.21-FPB-24-1-1140x760.jpg 1140w, https:\/\/fourpasbanal.fr\/wp-content\/uploads\/2021\/06\/11.06.21-FPB-24-1.jpg 2000w\" sizes=\"(max-width: 1024px) 100vw, 1024px\" \/><\/figure>\n\n\n\n<figure class=\"wp-block-image size-large\"><img loading=\"lazy\" width=\"1024\" height=\"683\" data-id=\"1028\"  src=\"https:\/\/fourpasbanal.fr\/wp-content\/uploads\/2021\/06\/11.06.21-FPB-29-1024x683.jpg\" alt=\"\" class=\"wp-image-1028\" srcset=\"https:\/\/fourpasbanal.fr\/wp-content\/uploads\/2021\/06\/11.06.21-FPB-29-1024x683.jpg 1024w, https:\/\/fourpasbanal.fr\/wp-content\/uploads\/2021\/06\/11.06.21-FPB-29-300x200.jpg 300w, https:\/\/fourpasbanal.fr\/wp-content\/uploads\/2021\/06\/11.06.21-FPB-29-768x512.jpg 768w, https:\/\/fourpasbanal.fr\/wp-content\/uploads\/2021\/06\/11.06.21-FPB-29-1536x1025.jpg 1536w, https:\/\/fourpasbanal.fr\/wp-content\/uploads\/2021\/06\/11.06.21-FPB-29-1140x760.jpg 1140w, https:\/\/fourpasbanal.fr\/wp-content\/uploads\/2021\/06\/11.06.21-FPB-29.jpg 2000w\" sizes=\"(max-width: 1024px) 100vw, 1024px\" \/><\/figure>\n<\/figure>\n\n\n\n<div class=\"wp-block-image\"><figure class=\"aligncenter\"><img loading=\"lazy\" width=\"999\" height=\"302\" src=\"https:\/\/fourpasbanal.fr\/wp-content\/uploads\/2020\/06\/banniere_ete.png\" alt=\"\" class=\"wp-image-804\" srcset=\"https:\/\/fourpasbanal.fr\/wp-content\/uploads\/2020\/06\/banniere_ete.png 999w, https:\/\/fourpasbanal.fr\/wp-content\/uploads\/2020\/06\/banniere_ete-300x91.png 300w, https:\/\/fourpasbanal.fr\/wp-content\/uploads\/2020\/06\/banniere_ete-768x232.png 768w\" sizes=\"(max-width: 999px) 100vw, 999px\" \/><\/figure><\/div>\n\n\n\n<p class=\"has-text-align-center\">Rapide r\u00e9sum\u00e9 des derni\u00e8res avanc\u00e9es sur le <a href=\".\/?page_id=112\">chantier<\/a> entam\u00e9 fin mai 2020 :<br>\u2013 Am\u00e9nagement du chantier<br>\u2013 D\u00e9montage partiel du muret<br>\u2013 Transport de pierres depuis Viallanove et de granulats depuis le Vergnas <br>\u2013 Sondage et d\u00e9caissement pour les fondations<br>\u2013 Coulage des fondations du b\u00e2timent pour le four<br>\u2013 D\u00e9blaiement de la grange et d\u00e9montage de l\u2019ancien plancher<br>&#8211; Pose des premi\u00e8res pierres du nouveau b\u00e2timent le 14 Juin 2020<br>&#8211; Construction d&rsquo;un abris temporaire pour prot\u00e9ger le chantier du four<br>&#8211; Le soubassement et la dalle du futur four sont achev\u00e9s fin Ao\u00fbt 2020<br>&#8211; Nous attaquons ensuite le four en lui-m\u00eame ainsi que le solivage du b\u00e2timent depuis F\u00e9vrier 2021<br>&#8211; La sole est pos\u00e9e mi mars 2021 !<br>&#8211; La vo\u00fbte est termin\u00e9e fin juin 2021<br>&#8211; D\u00e9rhumage du four<br>&#8211; Premi\u00e8re cuisson de pains et pizzas le 9 juillet<br>&#8211; cuissons suivantes les 6 et 27 ao\u00fbt et 3 septembre<br>&#8211; Ma\u00e7onnerie pour boucher le haut de l&rsquo;ancienne porte du sous sol et cr\u00e9ation de la fen\u00eatre \u00ab\u00a0c\u00f4t\u00e9 jardin\u00a0\u00bb<br>&#8211; D\u00e9but d&rsquo;isolation de la vo\u00fbte<br>&#8211; Nettoyage sous le plancher du fournil<br>&#8211; D\u00e9montage de la toiture<br>&#8211; Ouverture de la porte \u00ab\u00a0c\u00f4t\u00e9 rue\u00a0\u00bb<br>&#8211; Pose des sabli\u00e8res, chevrons et voligeage<br>&#8211; ma\u00e7onnerie \u00e0 droite \u00e0 gauche&#8230;<br>&#8211; mur en pierres s\u00e8ches entre la rue et le petit jardin<br>&#8211; atelier design pour du mobilier ext\u00e9rieur avec l&rsquo;\u00e9quipe des Compagnons du Devoir<br>&#8211; couverture en bardeaux termin\u00e9es ! (automne 2022)<br>&#8211; isolation du four<br>&#8211; couverture du four<br>&#8211; pr\u00e9paration des menuiseries en atelier (hiver 2023)<br>&#8211; enduits int\u00e9rieurs et ext\u00e9rieurs (printemps-\u00e9t\u00e9 2024)<br>&#8211; pose des tommettes au sol de la partie fournil (automne 2024)<br>&#8211; et cuissons des pizzas encore cet \u00e9t\u00e9, une fois par mois !<\/p>\n\n\n\n<p class=\"has-text-align-center has-medium-font-size\"><strong><a href=\"https:\/\/docs.google.com\/spreadsheets\/d\/1f2VZBd4xLHgekY5tWUKJau49VNA3YC3QHFmA02d0wlg\/edit?usp=sharing\">Inscription pour les prochains chantiers !<\/a><\/strong><\/p>\n\n\n\n<br>\n<div align=\"center\">\nAvanc\u00e9e de la campagne de <a href=\".\/?page_id=27\">financement participatif<\/a><br>\n\t\t\t<iframe src=\"https:\/\/www.helloasso.com\/associations\/le-four-pas-banal\/collectes\/achat-du-foncier-ruine-parcelle\/widget-vignette\"  id=\"idIframe\" style=\"width:350px; height:450px; border:none;\" border=\"0\"><\/iframe>\n\t\t\t<br>\n<h5><a href=\".\/?p=675\">Gr\u00e2ce \u00e0 vos dons, l&rsquo;association est officiellement propri\u00e9taire depuis le 17 Janvier 2020 !<br><\/a><\/h5>\n<p>\nMerci \u00e0 tout les participants, adh\u00e9rents, donateurs ou simples visiteurs \ud83d\ude42\n<\/p>\n<\/div>\n\n\n\n<p class=\"has-text-align-center\"><br>Vous pouvez vous inscrire \u00e0 la <a href=\".\/?page_id=319\">Newsletter<\/a> pour rester au courant de l&rsquo;\u00e9volution du projet.<br> Pour nous soutenir et nous aider \u00e0 concr\u00e9tiser le projet vous pouvez <a href=\".\/?page_id=225\">adh\u00e9rer<\/a> \u00e0 l&rsquo;association ou <a href=\".\/?page_id=27\">participer \u00e0 notre financement<\/a>.<\/p>\n","protected":false},"excerpt":{"rendered":"<p>Un projet de four \u00e0 bois associatif \u00e0 Rouairoux, dans le TarnPour vous accueillir dans notre petit village, on vous propose plusieurs moments de partage et de rencontre autour de moments festifs, culturels et ludiques prochain \u00e9v\u00e8nement le samedi 6 juin : Programme pour 2025 au FPB Nous tenons \u00e0 remercier chaleureusement les nombreux b\u00e9n\u00e9voles qui travaillent discr\u00e8tement pour nous offrir un magnifique four, d&rsquo;exquises pizzas, et une ambiance d\u00e9licieuse ! Pour \u00eatre tenu inform\u00e9 des dates du chantier participatif et vous inscrire, envoyez nous un mail contact@fourpasbanal.fr Une belle ann\u00e9e de pass\u00e9e avec vous&#8230; (vous pouvez suivre les aventures du FPB sur le blog de ce site et sur la page \u00ab\u00a0chantier participatif\u00a0\u00bb) Rapide r\u00e9sum\u00e9 des derni\u00e8res avanc\u00e9es sur le chantier entam\u00e9 fin mai 2020 :\u2013 Am\u00e9nagement du chantier\u2013 D\u00e9montage partiel du muret\u2013 Transport de pierres depuis Viallanove et de granulats depuis le Vergnas \u2013 Sondage et d\u00e9caissement pour les fondations\u2013 Coulage des fondations du b\u00e2timent pour le four\u2013 D\u00e9blaiement de la grange et d\u00e9montage de l\u2019ancien plancher&#8211; Pose des premi\u00e8res pierres du nouveau b\u00e2timent le 14 Juin 2020&#8211; Construction d&rsquo;un abris temporaire pour prot\u00e9ger le chantier du four&#8211; Le soubassement et la dalle du futur four sont achev\u00e9s fin Ao\u00fbt 2020&#8211; Nous attaquons ensuite le four en lui-m\u00eame ainsi que le solivage du b\u00e2timent depuis F\u00e9vrier 2021&#8211; La sole est pos\u00e9e mi mars 2021 !&#8211; La vo\u00fbte est termin\u00e9e fin juin 2021&#8211; D\u00e9rhumage du four&#8211; Premi\u00e8re cuisson de pains et pizzas le 9 juillet&#8211; cuissons suivantes les 6 et 27 ao\u00fbt et 3 septembre&#8211; Ma\u00e7onnerie pour boucher le haut de l&rsquo;ancienne porte du sous sol et cr\u00e9ation de la fen\u00eatre \u00ab\u00a0c\u00f4t\u00e9 jardin\u00a0\u00bb&#8211; D\u00e9but d&rsquo;isolation de la vo\u00fbte&#8211; Nettoyage sous le plancher du fournil&#8211; D\u00e9montage de la toiture&#8211; Ouverture de la porte \u00ab\u00a0c\u00f4t\u00e9 rue\u00a0\u00bb&#8211; Pose des sabli\u00e8res, chevrons et voligeage&#8211; ma\u00e7onnerie \u00e0 droite \u00e0 gauche&#8230;&#8211; mur en pierres s\u00e8ches entre la rue et le petit jardin&#8211; atelier design pour du mobilier ext\u00e9rieur avec l&rsquo;\u00e9quipe des Compagnons du Devoir&#8211; couverture en bardeaux termin\u00e9es ! (automne 2022)&#8211; isolation du four&#8211; couverture du four&#8211; pr\u00e9paration des menuiseries en atelier (hiver 2023)&#8211; enduits int\u00e9rieurs et ext\u00e9rieurs (printemps-\u00e9t\u00e9 2024)&#8211; pose des tommettes au sol de la partie fournil (automne 2024)&#8211; et cuissons des pizzas encore cet \u00e9t\u00e9, une fois par mois ! Inscription pour les prochains chantiers ! Avanc\u00e9e de la campagne de financement participatif Gr\u00e2ce \u00e0 vos dons, l&rsquo;association est officiellement propri\u00e9taire depuis le 17 Janvier 2020 ! Merci \u00e0 tout les participants, adh\u00e9rents, donateurs ou simples visiteurs \ud83d\ude42 Vous pouvez vous inscrire \u00e0 la Newsletter pour rester au courant de l&rsquo;\u00e9volution du projet. Pour nous soutenir et nous aider \u00e0 concr\u00e9tiser le projet vous pouvez adh\u00e9rer \u00e0 l&rsquo;association ou participer \u00e0 notre financement.<\/p>\n","protected":false},"author":1,"featured_media":0,"parent":0,"menu_order":0,"comment_status":"closed","ping_status":"closed","template":"","meta":[],"_links":{"self":[{"href":"https:\/\/fourpasbanal.fr\/index.php?rest_route=\/wp\/v2\/pages\/331"}],"collection":[{"href":"https:\/\/fourpasbanal.fr\/index.php?rest_route=\/wp\/v2\/pages"}],"about":[{"href":"https:\/\/fourpasbanal.fr\/index.php?rest_route=\/wp\/v2\/types\/page"}],"author":[{"embeddable":true,"href":"https:\/\/fourpasbanal.fr\/index.php?rest_route=\/wp\/v2\/users\/1"}],"replies":[{"embeddable":true,"href":"https:\/\/fourpasbanal.fr\/index.php?rest_route=%2Fwp%2Fv2%2Fcomments&post=331"}],"version-history":[{"count":165,"href":"https:\/\/fourpasbanal.fr\/index.php?rest_route=\/wp\/v2\/pages\/331\/revisions"}],"predecessor-version":[{"id":1609,"href":"https:\/\/fourpasbanal.fr\/index.php?rest_route=\/wp\/v2\/pages\/331\/revisions\/1609"}],"wp:attachment":[{"href":"https:\/\/fourpasbanal.fr\/index.php?rest_route=%2Fwp%2Fv2%2Fmedia&parent=331"}],"curies":[{"name":"wp","href":"https:\/\/api.w.org\/{rel}","templated":true}]}}